{"id":25,"date":"2016-04-18T11:20:40","date_gmt":"2016-04-18T11:20:40","guid":{"rendered":"https:\/\/xml-io.proteusthemes.com\/bolts\/?page_id=25"},"modified":"2018-04-22T13:09:47","modified_gmt":"2018-04-22T10:09:47","slug":"hizmetler","status":"publish","type":"page","link":"https:\/\/kalemdarogluinsaat.com\/?page_id=25","title":{"rendered":"Hizmetlerimiz"},"content":{"rendered":"<div id=\"pl-25\"  class=\"panel-layout\" ><div id=\"pg-25-0\"  class=\"panel-grid panel-no-style\" ><div id=\"pgc-25-0-0\"  class=\"panel-grid-cell\" ><div id=\"panel-25-0-0-0\" class=\"so-panel widget widget_pw_featured_page widget-featured-page panel-first-child panel-last-child\" data-index=\"0\" >\n\t<div class=\"page-box  page-box--block\">\n\t\t\t\t\t<a class=\"page-box__picture\" href=\"https:\/\/kalemdarogluinsaat.com\/?page_id=49\">\n\t\t\t\t<img loading=\"lazy\" decoding=\"async\" src=\"https:\/\/kalemdarogluinsaat.com\/wp-content\/uploads\/2018\/04\/insaat-04-360x180.jpg\" width=\"360\" height=\"180\" srcset=\"https:\/\/kalemdarogluinsaat.com\/wp-content\/uploads\/2018\/04\/insaat-04-360x180.jpg 360w, https:\/\/kalemdarogluinsaat.com\/wp-content\/uploads\/2018\/04\/insaat-04.jpg 1600w\" sizes=\"auto, (min-width: 1200px) 349px, (min-width: 992px) 283px, (min-width: 768px) 690px, calc(100vw - 30px)\" class=\"wp-post-image\" alt=\"\u0130n\u015faat Hizmetleri\">\n\t\t\t\t\t\t\t<\/a>\n\t\t\t\t<div class=\"page-box__content\">\n\t\t\t<h4 class=\"page-box__title\"><a href=\"https:\/\/kalemdarogluinsaat.com\/?page_id=49\">\u0130n\u015faat Hizmetleri<\/a><\/h4>\n\t\t\t<p class=\"page-box__text\">Uzman kadro ve kaliteli malzemeler.<\/p>\n\t\t\t\t\t<\/div>\n\t<\/div>\n\n<\/div><\/div><div id=\"pgc-25-0-1\"  class=\"panel-grid-cell\" ><div id=\"panel-25-0-1-0\" class=\"so-panel widget widget_pw_featured_page widget-featured-page panel-first-child panel-last-child\" data-index=\"1\" >\n\t<div class=\"page-box  page-box--block\">\n\t\t\t\t\t<a class=\"page-box__picture\" href=\"https:\/\/kalemdarogluinsaat.com\/?page_id=71\">\n\t\t\t\t<img loading=\"lazy\" decoding=\"async\" src=\"https:\/\/kalemdarogluinsaat.com\/wp-content\/uploads\/2018\/04\/A4-360x180.jpg\" width=\"360\" height=\"180\" srcset=\"https:\/\/kalemdarogluinsaat.com\/wp-content\/uploads\/2018\/04\/A4-360x180.jpg 360w, https:\/\/kalemdarogluinsaat.com\/wp-content\/uploads\/2018\/04\/A4.jpg 900w\" sizes=\"auto, (min-width: 1200px) 349px, (min-width: 992px) 283px, (min-width: 768px) 690px, calc(100vw - 30px)\" class=\"wp-post-image\" alt=\"Kat Kar\u015f\u0131l\u0131\u011f\u0131\">\n\t\t\t\t\t\t\t<\/a>\n\t\t\t\t<div class=\"page-box__content\">\n\t\t\t<h4 class=\"page-box__title\"><a href=\"https:\/\/kalemdarogluinsaat.com\/?page_id=71\">Kat Kar\u015f\u0131l\u0131\u011f\u0131<\/a><\/h4>\n\t\t\t<p class=\"page-box__text\">G\u00fcvenilir ve zaman\u0131nda.<\/p>\n\t\t\t\t\t<\/div>\n\t<\/div>\n\n<\/div><\/div><div id=\"pgc-25-0-2\"  class=\"panel-grid-cell\" ><div id=\"panel-25-0-2-0\" class=\"so-panel widget widget_pw_featured_page widget-featured-page panel-first-child panel-last-child\" data-index=\"2\" >\n\t<div class=\"page-box  page-box--block\">\n\t\t\t\t\t<a class=\"page-box__picture\" href=\"https:\/\/kalemdarogluinsaat.com\/?page_id=75\">\n\t\t\t\t<img loading=\"lazy\" decoding=\"async\" src=\"https:\/\/kalemdarogluinsaat.com\/wp-content\/uploads\/2018\/04\/A3-1-360x180.jpg\" width=\"360\" height=\"180\" srcset=\"https:\/\/kalemdarogluinsaat.com\/wp-content\/uploads\/2018\/04\/A3-1-360x180.jpg 360w, https:\/\/kalemdarogluinsaat.com\/wp-content\/uploads\/2018\/04\/A3-1.jpg 900w\" sizes=\"auto, (min-width: 1200px) 349px, (min-width: 992px) 283px, (min-width: 768px) 690px, calc(100vw - 30px)\" class=\"wp-post-image\" alt=\"Projelendirme\">\n\t\t\t\t\t\t\t<\/a>\n\t\t\t\t<div class=\"page-box__content\">\n\t\t\t<h4 class=\"page-box__title\"><a href=\"https:\/\/kalemdarogluinsaat.com\/?page_id=75\">Projelendirme<\/a><\/h4>\n\t\t\t<p class=\"page-box__text\">Estetik ve Fonksiyonel.<\/p>\n\t\t\t\t\t<\/div>\n\t<\/div>\n\n<\/div><\/div><\/div><\/div>","protected":false},"excerpt":{"rendered":"<p>\u0130n\u015faat Hizmetleri Uzman kadro ve kaliteli malzemeler. Kat Kar\u015f\u0131l\u0131\u011f\u0131 G\u00fcvenilir ve zaman\u0131nda. Projelendirme Estetik ve Fonksiyonel.<\/p>\n","protected":false},"author":1,"featured_media":0,"parent":0,"menu_order":0,"comment_status":"closed","ping_status":"closed","template":"","meta":{"footnotes":""},"class_list":["post-25","page","type-page","status-publish","hentry"],"acf":[],"_links":{"self":[{"href":"https:\/\/kalemdarogluinsaat.com\/index.php?rest_route=\/wp\/v2\/pages\/25","targetHints":{"allow":["GET"]}}],"collection":[{"href":"https:\/\/kalemdarogluinsaat.com\/index.php?rest_route=\/wp\/v2\/pages"}],"about":[{"href":"https:\/\/kalemdarogluinsaat.com\/index.php?rest_route=\/wp\/v2\/types\/page"}],"author":[{"embeddable":true,"href":"https:\/\/kalemdarogluinsaat.com\/index.php?rest_route=\/wp\/v2\/users\/1"}],"replies":[{"embeddable":true,"href":"https:\/\/kalemdarogluinsaat.com\/index.php?rest_route=%2Fwp%2Fv2%2Fcomments&post=25"}],"version-history":[{"count":6,"href":"https:\/\/kalemdarogluinsaat.com\/index.php?rest_route=\/wp\/v2\/pages\/25\/revisions"}],"predecessor-version":[{"id":1349,"href":"https:\/\/kalemdarogluinsaat.com\/index.php?rest_route=\/wp\/v2\/pages\/25\/revisions\/1349"}],"wp:attachment":[{"href":"https:\/\/kalemdarogluinsaat.com\/index.php?rest_route=%2Fwp%2Fv2%2Fmedia&parent=25"}],"curies":[{"name":"wp","href":"https:\/\/api.w.org\/{rel}","templated":true}]}}